{"id":3789,"date":"2018-08-20T23:33:22","date_gmt":"2018-08-20T21:33:22","guid":{"rendered":"http:\/\/novyfonograf.cz\/teams\/work-team\/petra-misakova\/"},"modified":"2020-06-17T12:47:52","modified_gmt":"2020-06-17T10:47:52","slug":"petra-misakova","status":"publish","type":"page","link":"https:\/\/novyfonograf.cz\/en\/teams\/work-team\/petra-misakova\/","title":{"rendered":"Petra Mi\u0161\u00e1kov\u00e1"},"content":{"rendered":"<div class=\"fusion-fullwidth fullwidth-box fusion-builder-row-1 nonhundred-percent-fullwidth non-hundred-percent-height-scrolling\" style=\"background-color: rgba(255,255,255,0);background-position: center center;background-repeat: no-repeat;padding-top:0px;padding-right:0px;padding-bottom:50px;padding-left:0px;margin-bottom: 0px;margin-top: 0px;border-width: 0px 0px 0px 0px;border-color:#eae9e9;border-style:solid;\" ><div class=\"fusion-builder-row fusion-row\"><div class=\"fusion-layout-column fusion_builder_column fusion-builder-column-0 fusion_builder_column_1_2 1_2 fusion-one-half fusion-column-first\" style=\"width:50%;width:calc(50% - ( ( 4% ) * 0.5 ) );margin-right: 4%;margin-top:0px;margin-bottom:20px;\"><div class=\"fusion-column-wrapper fusion-flex-column-wrapper-legacy\" style=\"background-position:left top;background-repeat:no-repeat;-webkit-background-size:cover;-moz-background-size:cover;-o-background-size:cover;background-size:cover;padding: 0px 0px 0px 0px;\"><div class=\"fusion-image-carousel fusion-image-carousel-auto fusion-carousel-border\"><div class=\"fusion-carousel\" data-autoplay=\"no\" data-columns=\"1\" data-itemmargin=\"0\" data-itemwidth=\"180\" data-touchscroll=\"no\" data-imagesize=\"auto\"><div class=\"fusion-carousel-positioner\"><ul class=\"fusion-carousel-holder\"><li class=\"fusion-carousel-item\"><div class=\"fusion-carousel-item-wrapper\"><div class=\"fusion-image-wrapper hover-type-none\"><img width=\"800\" height=\"1200\" src=\"https:\/\/novyfonograf.cz\/wp-content\/uploads\/2020\/06\/naki-portrety-1-3.jpg\" class=\"attachment-full size-full\" alt=\"\" srcset=\"https:\/\/novyfonograf.cz\/wp-content\/uploads\/2020\/06\/naki-portrety-1-3-200x300.jpg 200w, https:\/\/novyfonograf.cz\/wp-content\/uploads\/2020\/06\/naki-portrety-1-3-400x600.jpg 400w, https:\/\/novyfonograf.cz\/wp-content\/uploads\/2020\/06\/naki-portrety-1-3-600x900.jpg 600w, https:\/\/novyfonograf.cz\/wp-content\/uploads\/2020\/06\/naki-portrety-1-3-683x1024.jpg 683w, https:\/\/novyfonograf.cz\/wp-content\/uploads\/2020\/06\/naki-portrety-1-3-768x1152.jpg 768w, https:\/\/novyfonograf.cz\/wp-content\/uploads\/2020\/06\/naki-portrety-1-3.jpg 800w\" sizes=\"(max-width: 800px) 100vw, 800px\" \/><\/div><\/div><\/li><li class=\"fusion-carousel-item\"><div class=\"fusion-carousel-item-wrapper\"><div class=\"fusion-image-wrapper hover-type-none\"><img width=\"800\" height=\"1200\" src=\"https:\/\/novyfonograf.cz\/wp-content\/uploads\/2020\/06\/naki-portrety-8.jpg\" class=\"attachment-full size-full\" alt=\"\" srcset=\"https:\/\/novyfonograf.cz\/wp-content\/uploads\/2020\/06\/naki-portrety-8-200x300.jpg 200w, https:\/\/novyfonograf.cz\/wp-content\/uploads\/2020\/06\/naki-portrety-8-400x600.jpg 400w, https:\/\/novyfonograf.cz\/wp-content\/uploads\/2020\/06\/naki-portrety-8-600x900.jpg 600w, https:\/\/novyfonograf.cz\/wp-content\/uploads\/2020\/06\/naki-portrety-8-683x1024.jpg 683w, https:\/\/novyfonograf.cz\/wp-content\/uploads\/2020\/06\/naki-portrety-8-768x1152.jpg 768w, https:\/\/novyfonograf.cz\/wp-content\/uploads\/2020\/06\/naki-portrety-8.jpg 800w\" sizes=\"(max-width: 800px) 100vw, 800px\" \/><\/div><\/div><\/li><li class=\"fusion-carousel-item\"><div class=\"fusion-carousel-item-wrapper\"><div class=\"fusion-image-wrapper hover-type-none\"><img width=\"800\" height=\"1200\" src=\"https:\/\/novyfonograf.cz\/wp-content\/uploads\/2020\/06\/naki-portrety-1-2.jpg\" class=\"attachment-full size-full\" alt=\"\" srcset=\"https:\/\/novyfonograf.cz\/wp-content\/uploads\/2020\/06\/naki-portrety-1-2-200x300.jpg 200w, https:\/\/novyfonograf.cz\/wp-content\/uploads\/2020\/06\/naki-portrety-1-2-400x600.jpg 400w, https:\/\/novyfonograf.cz\/wp-content\/uploads\/2020\/06\/naki-portrety-1-2-600x900.jpg 600w, https:\/\/novyfonograf.cz\/wp-content\/uploads\/2020\/06\/naki-portrety-1-2-683x1024.jpg 683w, https:\/\/novyfonograf.cz\/wp-content\/uploads\/2020\/06\/naki-portrety-1-2-768x1152.jpg 768w, https:\/\/novyfonograf.cz\/wp-content\/uploads\/2020\/06\/naki-portrety-1-2.jpg 800w\" sizes=\"(max-width: 800px) 100vw, 800px\" \/><\/div><\/div><\/li><\/ul><div class=\"fusion-carousel-nav\"><span class=\"fusion-nav-prev\"><\/span><span class=\"fusion-nav-next\"><\/span><\/div><\/div><\/div><\/div><div class=\"fusion-clearfix\"><\/div><\/div><\/div><div class=\"fusion-layout-column fusion_builder_column fusion-builder-column-1 fusion_builder_column_1_2 1_2 fusion-one-half fusion-column-last\" style=\"width:50%;width:calc(50% - ( ( 4% ) * 0.5 ) );margin-top:0px;margin-bottom:20px;\"><div class=\"fusion-column-wrapper fusion-flex-column-wrapper-legacy\" style=\"background-position:left top;background-repeat:no-repeat;-webkit-background-size:cover;-moz-background-size:cover;-o-background-size:cover;background-size:cover;padding: 0px 0px 0px 0px;\"><style type=\"text\/css\"><\/style><div class=\"fusion-title title fusion-title-1 fusion-sep-none fusion-title-text fusion-title-size-two\" style=\"margin-top:0px;margin-bottom:20px;\"><h2 class=\"title-heading-left\" style=\"margin:0;\">Bio<\/h2><\/div><ul class=\"fusion-checklist fusion-checklist-1\" style=\"font-size:17px;line-height:28.9px;\"><li class=\"fusion-li-item\"><span style=\"height:28.9px;width:28.9px;margin-right:11.9px;\" class=\"icon-wrapper circle-no\"><i class=\"fusion-li-icon fa fa-envelope\" style=\"color:#12100f;\" aria-hidden=\"true\"><\/i><\/span><div class=\"fusion-li-item-content\" style=\"margin-left:40.8px;\">\n<p><a href=\"mailto:petra.misakova@novyfonograf.cz\"><span data-sheets-value=\"{\" data-sheets-userformat=\"{\">petra.misakova@novyfonograf.cz<\/span><\/a><\/p>\n<\/div><\/li><\/ul><div class=\"fusion-sep-clear\"><\/div><div class=\"fusion-separator fusion-full-width-sep\" style=\"margin-left: auto;margin-right: auto;margin-bottom:20px;width:100%;\"><\/div><div class=\"fusion-sep-clear\"><\/div><div class=\"fusion-text fusion-text-1\" style=\"transform:translate3d(0,0,0);\"><p>Petra Mi\u0161\u00e1kov\u00e1 is a librarian with thirty-five years\u2019 experience in cataloging. She worked in Cataloging Departments at the State Scientific Library in \u00dast\u00ed nad Labem, the Municipal Library in D\u011b\u010d\u00edn, the Charles University Library in Prague, the Library of the 1st Faculty of Medicine, Charles University in Prague and the National Library of the Czech Republic. She also led the Jaroslav Je\u017eek Conservatory and Jaroslav Library, as well as the private CMI-ESMA Prague University Library. In 2009, she received training in Gestalt Therapy for Social Workers and Training in Telephone Crisis Intervention. This is the tenth year she has worked as a consultant on trust lines (Child Crisis Center, Family and Child Line, Senior Phone and White Circle of Safety in Prague).<\/p>\n<\/div><div class=\"fusion-clearfix\"><\/div><\/div><\/div><\/div><\/div>\n","protected":false},"excerpt":{"rendered":"","protected":false},"author":2,"featured_media":0,"parent":1471,"menu_order":0,"comment_status":"closed","ping_status":"closed","template":"","meta":[],"_links":{"self":[{"href":"https:\/\/novyfonograf.cz\/en\/wp-json\/wp\/v2\/pages\/3789"}],"collection":[{"href":"https:\/\/novyfonograf.cz\/en\/wp-json\/wp\/v2\/pages"}],"about":[{"href":"https:\/\/novyfonograf.cz\/en\/wp-json\/wp\/v2\/types\/page"}],"author":[{"embeddable":true,"href":"https:\/\/novyfonograf.cz\/en\/wp-json\/wp\/v2\/users\/2"}],"replies":[{"embeddable":true,"href":"https:\/\/novyfonograf.cz\/en\/wp-json\/wp\/v2\/comments?post=3789"}],"version-history":[{"count":7,"href":"https:\/\/novyfonograf.cz\/en\/wp-json\/wp\/v2\/pages\/3789\/revisions"}],"predecessor-version":[{"id":6542,"href":"https:\/\/novyfonograf.cz\/en\/wp-json\/wp\/v2\/pages\/3789\/revisions\/6542"}],"up":[{"embeddable":true,"href":"https:\/\/novyfonograf.cz\/en\/wp-json\/wp\/v2\/pages\/1471"}],"wp:attachment":[{"href":"https:\/\/novyfonograf.cz\/en\/wp-json\/wp\/v2\/media?parent=3789"}],"curies":[{"name":"wp","href":"https:\/\/api.w.org\/{rel}","templated":true}]}}

Petra Mišáková

<div class="fusion-fullwidth fullwidth-box fusion-builder-row-1 nonhundred-percent-fullwidth non-hundred-percent-height-scrolling" style="background-color: rgba(255,255,255,0);background-position: center center;background-repeat: no-repeat;padding-top:0px;padding-right:0px;padding-bottom:50px;padding-left:0px;margin-bottom: 0px;margin-top: 0px;border-width: 0px 0px 0px 0px;border-color:#eae9e9;border-style:solid;" ><div class="fusion-builder-row fusion-row"><div class="fusion-layout-column fusion_builder_column fusion-builder-column-0 fusion_builder_column_1_2 1_2 fusion-one-half fusion-column-first" style="width:50%;width:calc(50% - ( ( 4% ) * 0.5 ) );margin-right: 4%;margin-top:0px;margin-bottom:20px;"><div class="fusion-column-wrapper fusion-flex-column-wrapper-legacy" style="background-position:left top;background-repeat:no-repeat;-webkit-background-size:cover;-moz-background-size:cover;-o-background-size:cover;background-size:cover;padding: 0px 0px 0px 0px;"><div class="fusion-image-carousel fusion-image-carousel-auto fusion-carousel-border"><div class="fusion-carousel" data-autoplay="no" data-columns="1" data-itemmargin="0" data-itemwidth="180" data-touchscroll="no" data-imagesize="auto"><div class="fusion-carousel-positioner"><ul class="fusion-carousel-holder"><li class="fusion-carousel-item"><div class="fusion-carousel-item-wrapper"><div class="fusion-image-wrapper hover-type-none"><img width="800" height="1200" src="https://novyfonograf.cz/wp-content/uploads/2020/06/naki-portrety-1-3.jpg" class="attachment-full size-full" alt="" srcset="https://novyfonograf.cz/wp-content/uploads/2020/06/naki-portrety-1-3-200x300.jpg 200w, https://novyfonograf.cz/wp-content/uploads/2020/06/naki-portrety-1-3-400x600.jpg 400w, https://novyfonograf.cz/wp-content/uploads/2020/06/naki-portrety-1-3-600x900.jpg 600w, https://novyfonograf.cz/wp-content/uploads/2020/06/naki-portrety-1-3-683x1024.jpg 683w, https://novyfonograf.cz/wp-content/uploads/2020/06/naki-portrety-1-3-768x1152.jpg 768w, https://novyfonograf.cz/wp-content/uploads/2020/06/naki-portrety-1-3.jpg 800w" sizes="(max-width: 800px) 100vw, 800px" /></div></div></li><li class="fusion-carousel-item"><div class="fusion-carousel-item-wrapper"><div class="fusion-image-wrapper hover-type-none"><img width="800" height="1200" src="https://novyfonograf.cz/wp-content/uploads/2020/06/naki-portrety-8.jpg" class="attachment-full size-full" alt="" srcset="https://novyfonograf.cz/wp-content/uploads/2020/06/naki-portrety-8-200x300.jpg 200w, https://novyfonograf.cz/wp-content/uploads/2020/06/naki-portrety-8-400x600.jpg 400w, https://novyfonograf.cz/wp-content/uploads/2020/06/naki-portrety-8-600x900.jpg 600w, https://novyfonograf.cz/wp-content/uploads/2020/06/naki-portrety-8-683x1024.jpg 683w, https://novyfonograf.cz/wp-content/uploads/2020/06/naki-portrety-8-768x1152.jpg 768w, https://novyfonograf.cz/wp-content/uploads/2020/06/naki-portrety-8.jpg 800w" sizes="(max-width: 800px) 100vw, 800px" /></div></div></li><li class="fusion-carousel-item"><div class="fusion-carousel-item-wrapper"><div class="fusion-image-wrapper hover-type-none"><img width="800" height="1200" src="https://novyfonograf.cz/wp-content/uploads/2020/06/naki-portrety-1-2.jpg" class="attachment-full size-full" alt="" srcset="https://novyfonograf.cz/wp-content/uploads/2020/06/naki-portrety-1-2-200x300.jpg 200w, https://novyfonograf.cz/wp-content/uploads/2020/06/naki-portrety-1-2-400x600.jpg 400w, https://novyfonograf.cz/wp-content/uploads/2020/06/naki-portrety-1-2-600x900.jpg 600w, https://novyfonograf.cz/wp-content/uploads/2020/06/naki-portrety-1-2-683x1024.jpg 683w, https://novyfonograf.cz/wp-content/uploads/2020/06/naki-portrety-1-2-768x1152.jpg 768w, https://novyfonograf.cz/wp-content/uploads/2020/06/naki-portrety-1-2.jpg 800w" sizes="(max-width: 800px) 100vw, 800px" /></div></div></li></ul><div class="fusion-carousel-nav"><span class="fusion-nav-prev"></span><span class="fusion-nav-next"></span></div></div></div></div><div class="fusion-clearfix"></div></div></div><div class="fusion-layout-column fusion_builder_column fusion-builder-column-1 fusion_builder_column_1_2 1_2 fusion-one-half fusion-column-last" style="width:50%;width:calc(50% - ( ( 4% ) * 0.5 ) );margin-top:0px;margin-bottom:20px;"><div class="fusion-column-wrapper fusion-flex-column-wrapper-legacy" style="background-position:left top;background-repeat:no-repeat;-webkit-background-size:cover;-moz-background-size:cover;-o-background-size:cover;background-size:cover;padding: 0px 0px 0px 0px;"><style type="text/css"></style><div class="fusion-title title fusion-title-1 fusion-sep-none fusion-title-text fusion-title-size-two" style="margin-top:0px;margin-bottom:20px;"><h2 class="title-heading-left" style="margin:0;">Bio</h2></div><ul class="fusion-checklist fusion-checklist-1" style="font-size:17px;line-height:28.9px;"><li class="fusion-li-item"><span style="height:28.9px;width:28.9px;margin-right:11.9px;" class="icon-wrapper circle-no"><i class="fusion-li-icon fa fa-envelope" style="color:#12100f;" aria-hidden="true"></i></span><div class="fusion-li-item-content" style="margin-left:40.8px;">
<p><a href="mailto:petra.misakova@novyfonograf.cz"><span data-sheets-value="{" data-sheets-userformat="{">petra.misakova@novyfonograf.cz</span></a></p>
</div></li></ul><div class="fusion-sep-clear"></div><div class="fusion-separator fusion-full-width-sep" style="margin-left: auto;margin-right: auto;margin-bottom:20px;width:100%;"></div><div class="fusion-sep-clear"></div><div class="fusion-text fusion-text-1" style="transform:translate3d(0,0,0);"><p>Petra Mišáková is a librarian with thirty-five years’ experience in cataloging. She worked in Cataloging Departments at the State Scientific Library in Ústí nad Labem, the Municipal Library in Děčín, the Charles University Library in Prague, the Library of the 1st Faculty of Medicine, Charles University in Prague and the National Library of the Czech Republic. She also led the Jaroslav Ježek Conservatory and Jaroslav Library, as well as the private CMI-ESMA Prague University Library. In 2009, she received training in Gestalt Therapy for Social Workers and Training in Telephone Crisis Intervention. This is the tenth year she has worked as a consultant on trust lines (Child Crisis Center, Family and Child Line, Senior Phone and White Circle of Safety in Prague).</p>
</div><div class="fusion-clearfix"></div></div></div></div></div>
